{"id":488,"date":"2025-12-30T16:43:39","date_gmt":"2025-12-30T15:43:39","guid":{"rendered":"https:\/\/essc-online.de\/v1\/?page_id=488"},"modified":"2026-01-29T11:32:06","modified_gmt":"2026-01-29T10:32:06","slug":"wettkampfsport-synchronschwimmen","status":"publish","type":"page","link":"https:\/\/essc-online.de\/v1\/synchronschwimmen\/wettkampfsport-synchronschwimmen\/","title":{"rendered":"Wettkampfsport Synchronschwimmen"},"content":{"rendered":"\n<figure class=\"wp-block-image size-large\"><img data-recalc-dims=\"1\" loading=\"lazy\" decoding=\"async\" width=\"605\" height=\"382\" src=\"https:\/\/i0.wp.com\/essc-online.de\/v1\/wp-content\/uploads\/2026\/01\/WhatsApp-Image-2026-01-29-at-10.25.41.jpeg?resize=605%2C382&#038;ssl=1\" alt=\"\" class=\"wp-image-1604\" srcset=\"https:\/\/i0.wp.com\/essc-online.de\/v1\/wp-content\/uploads\/2026\/01\/WhatsApp-Image-2026-01-29-at-10.25.41.jpeg?resize=1024%2C646&amp;ssl=1 1024w, https:\/\/i0.wp.com\/essc-online.de\/v1\/wp-content\/uploads\/2026\/01\/WhatsApp-Image-2026-01-29-at-10.25.41.jpeg?resize=300%2C189&amp;ssl=1 300w, https:\/\/i0.wp.com\/essc-online.de\/v1\/wp-content\/uploads\/2026\/01\/WhatsApp-Image-2026-01-29-at-10.25.41.jpeg?resize=768%2C484&amp;ssl=1 768w, https:\/\/i0.wp.com\/essc-online.de\/v1\/wp-content\/uploads\/2026\/01\/WhatsApp-Image-2026-01-29-at-10.25.41.jpeg?resize=1536%2C969&amp;ssl=1 1536w, https:\/\/i0.wp.com\/essc-online.de\/v1\/wp-content\/uploads\/2026\/01\/WhatsApp-Image-2026-01-29-at-10.25.41.jpeg?resize=100%2C63&amp;ssl=1 100w, https:\/\/i0.wp.com\/essc-online.de\/v1\/wp-content\/uploads\/2026\/01\/WhatsApp-Image-2026-01-29-at-10.25.41.jpeg?resize=150%2C95&amp;ssl=1 150w, https:\/\/i0.wp.com\/essc-online.de\/v1\/wp-content\/uploads\/2026\/01\/WhatsApp-Image-2026-01-29-at-10.25.41.jpeg?resize=200%2C126&amp;ssl=1 200w, https:\/\/i0.wp.com\/essc-online.de\/v1\/wp-content\/uploads\/2026\/01\/WhatsApp-Image-2026-01-29-at-10.25.41.jpeg?resize=450%2C284&amp;ssl=1 450w, https:\/\/i0.wp.com\/essc-online.de\/v1\/wp-content\/uploads\/2026\/01\/WhatsApp-Image-2026-01-29-at-10.25.41.jpeg?resize=600%2C378&amp;ssl=1 600w, https:\/\/i0.wp.com\/essc-online.de\/v1\/wp-content\/uploads\/2026\/01\/WhatsApp-Image-2026-01-29-at-10.25.41.jpeg?resize=900%2C568&amp;ssl=1 900w, https:\/\/i0.wp.com\/essc-online.de\/v1\/wp-content\/uploads\/2026\/01\/WhatsApp-Image-2026-01-29-at-10.25.41.jpeg?w=1600&amp;ssl=1 1600w, https:\/\/i0.wp.com\/essc-online.de\/v1\/wp-content\/uploads\/2026\/01\/WhatsApp-Image-2026-01-29-at-10.25.41.jpeg?w=1210&amp;ssl=1 1210w\" sizes=\"auto, (max-width: 605px) 100vw, 605px\" \/><\/figure>\n\n\n\n<p>Die Abteilung Synchronschwimmen gibt es seit <strong>1956 <\/strong>im Ersten Sodener Schwimm-Club. Der ESSC geh\u00f6rte zu den ersten Vereinen in Deutschland, die diese Sportart in ihrem Vereinsprogramm anbieten konnten und nahm 1957 auch an den ersten Deutschen Meisterschaften mit einem Bilderreigen teil.<\/p>\n\n\n\n<p>In den letzten Jahren hat sich dieser Sport komplett gewandelt.<\/p>\n\n\n\n<p>International hat er mit Artistic Swimming einen neuen Namen bekommen und der athletische und k\u00fcnstlerische Anspruch ist enorm gestiegen.<\/p>\n\n\n\n<p>Die K\u00fcren sind schnell und ausdrucksstark und beinhalten ebenso sportakrobatische Elemente wie auch perfekte, sehr hoch und synchron ausgef\u00fchrte \u00dcbungen. Die Aktiven m\u00fcssen \u00fcber Kondition, perfekte K\u00f6rperkontrolle, Musikgef\u00fchl und Ausdruck verf\u00fcgen.<\/p>\n\n\n\n<p>Seit \u00fcber 60 Jahren sind die ESSC-Synchros erfolgreich bei vielen Meisterschaften im hessischen, s\u00fcddeutschen und deutschen Raum vertreten.<\/p>\n\n\n\n<p>In den Disziplinen Gruppe und Bilderreigen konnten in den letzten 60 Jahren sehr viele hessische und s\u00fcddeutsche Titel nach Bad Soden geholt werden.<\/p>\n\n\n\n<p>Aus unseren Reihen gingen unz\u00e4hlige hessische und sehr viele s\u00fcddeutsche Meisterinnen im Solo und Duett hervor. Der ESSC gewann mit seinen Aktiven seit 2018 sechs Titel bei Deutsche Altersklassenmeisterschaften und seit 2025 k\u00f6nnen wir uns auch mit zwei Titeln bei Deutschen Meisterschaften schm\u00fccken.<\/p>\n\n\n\n<p>In der Klasse der Master kamen seit 2010 auch viele Deutsche Meisterinnen in den Disziplinen Duett und Gruppe dazu.<\/p>\n\n\n\n<p>Seit den 1990er Jahren wurden immer wieder einzelne Synchronschwimmerinnen auf Grund ihrer hervorragenden Leistungen in die Bundeskader des Deutschen Schwimmverbandes berufen, um den DSV bei internationalen Wettk\u00e4mpfen zu vertreten.<\/p>\n\n\n\n<p><a href=\"https:\/\/www.essc-online.de\/www.essc-online.de\/archiv\/synchronschwimmen\/index.html\">Ergebnisse und Berichte 2021 &#8211; 2024<\/a><\/p>\n\n\n\n<h3 class=\"wp-block-heading\" id=\"cc-m-header-17859498196\">Synchronschwimmen beim hr1 mit Simone ReuthalDer gro\u00dfe Olympia-Check, Teil IX: Simone beim Synchronschwimmen&nbsp;<\/h3>\n\n\n\n<p>Synchronschwimmen wurde bei den Olympischen Sommerspielen 1984 in Los Angeles zum ersten Mal als olympischer Wettbewerb ausgetragen. Derzeit gibt es Wettk\u00e4mpfe in den vier Disziplinen Solo, Duett, Gruppe (mit vier bis acht Teilnehmern) und die Kombination.<\/p>\n\n\n\n<p>\u00dcbrigens: Unter dem Begriff &#8222;Wasserballett&#8220; oder &#8222;Reigenschwimmen&#8220; gibt es Synchronschwimmen schon seit Ende des 19.&nbsp;Jahrhunderts. Einer der ersten Wettk\u00e4mpfe fand 1891 in Berlin statt. Damals war es noch eine reine M\u00e4nnersportart. 1903 gr\u00fcndeten sich die &#8222;Isarnixen&#8220; in M\u00fcnchen, ab 1907 waren auch Frauen an den Wettk\u00e4mpfen beteiligt.<\/p>\n\n\n\n<p><a href=\"https:\/\/sb40a1f9b51e0ff7c.jimcontent.com\/download\/version\/1716047789\/module\/17870123296\/name\/04082021%20Mitschnitt%20Annette%20G%C3%A4%C3%9Fler.mp3\"><\/a><\/p>\n\n\n\n<p>H\u00f6rbeitrag hr1 &#8211; Interview mit Annette G\u00e4\u00dfler<\/p>\n\n\n\n<p>04082021 Mitschnitt Annette G\u00e4\u00dfler.mp3<\/p>\n\n\n\n<p>MP3 Audio Datei&nbsp;3.3 MB<\/p>\n\n\n\n<p><a href=\"https:\/\/sb40a1f9b51e0ff7c.jimcontent.com\/download\/version\/1716047789\/module\/17870123296\/name\/04082021%20Mitschnitt%20Annette%20G%C3%A4%C3%9Fler.mp3\">Download<\/a><\/p>\n\n\n\n<p><\/p>\n\n\n\n<figure class=\"wp-block-image size-large\"><img data-recalc-dims=\"1\" loading=\"lazy\" decoding=\"async\" width=\"605\" height=\"693\" src=\"https:\/\/i0.wp.com\/essc-online.de\/v1\/wp-content\/uploads\/2026\/01\/WhatsApp-Image-2026-01-29-at-10.28.33.jpeg?resize=605%2C693&#038;ssl=1\" alt=\"\" class=\"wp-image-1606\" srcset=\"https:\/\/i0.wp.com\/essc-online.de\/v1\/wp-content\/uploads\/2026\/01\/WhatsApp-Image-2026-01-29-at-10.28.33.jpeg?resize=894%2C1024&amp;ssl=1 894w, https:\/\/i0.wp.com\/essc-online.de\/v1\/wp-content\/uploads\/2026\/01\/WhatsApp-Image-2026-01-29-at-10.28.33.jpeg?resize=262%2C300&amp;ssl=1 262w, https:\/\/i0.wp.com\/essc-online.de\/v1\/wp-content\/uploads\/2026\/01\/WhatsApp-Image-2026-01-29-at-10.28.33.jpeg?resize=768%2C879&amp;ssl=1 768w, https:\/\/i0.wp.com\/essc-online.de\/v1\/wp-content\/uploads\/2026\/01\/WhatsApp-Image-2026-01-29-at-10.28.33.jpeg?resize=100%2C114&amp;ssl=1 100w, https:\/\/i0.wp.com\/essc-online.de\/v1\/wp-content\/uploads\/2026\/01\/WhatsApp-Image-2026-01-29-at-10.28.33.jpeg?resize=150%2C172&amp;ssl=1 150w, https:\/\/i0.wp.com\/essc-online.de\/v1\/wp-content\/uploads\/2026\/01\/WhatsApp-Image-2026-01-29-at-10.28.33.jpeg?resize=200%2C229&amp;ssl=1 200w, https:\/\/i0.wp.com\/essc-online.de\/v1\/wp-content\/uploads\/2026\/01\/WhatsApp-Image-2026-01-29-at-10.28.33.jpeg?resize=300%2C343&amp;ssl=1 300w, https:\/\/i0.wp.com\/essc-online.de\/v1\/wp-content\/uploads\/2026\/01\/WhatsApp-Image-2026-01-29-at-10.28.33.jpeg?resize=450%2C515&amp;ssl=1 450w, https:\/\/i0.wp.com\/essc-online.de\/v1\/wp-content\/uploads\/2026\/01\/WhatsApp-Image-2026-01-29-at-10.28.33.jpeg?resize=600%2C687&amp;ssl=1 600w, https:\/\/i0.wp.com\/essc-online.de\/v1\/wp-content\/uploads\/2026\/01\/WhatsApp-Image-2026-01-29-at-10.28.33.jpeg?resize=900%2C1030&amp;ssl=1 900w, https:\/\/i0.wp.com\/essc-online.de\/v1\/wp-content\/uploads\/2026\/01\/WhatsApp-Image-2026-01-29-at-10.28.33.jpeg?w=1312&amp;ssl=1 1312w, https:\/\/i0.wp.com\/essc-online.de\/v1\/wp-content\/uploads\/2026\/01\/WhatsApp-Image-2026-01-29-at-10.28.33.jpeg?w=1210&amp;ssl=1 1210w\" sizes=\"auto, (max-width: 605px) 100vw, 605px\" \/><\/figure>\n\n\n\n<p><br><\/p>\n","protected":false},"excerpt":{"rendered":"<p>Die Abteilung Synchronschwimmen gibt es seit 1956 im Ersten Sodener Schwimm-Club. Der ESSC geh\u00f6rte zu den ersten Vereinen in Deutschland, die diese Sportart in ihrem Vereinsprogramm anbieten konnten und nahm 1957 auch an den ersten Deutschen Meisterschaften mit einem Bilderreigen &hellip;<\/p>\n<p class=\"read-more\"> <a class=\"more-link\" href=\"https:\/\/essc-online.de\/v1\/synchronschwimmen\/wettkampfsport-synchronschwimmen\/\"> <span class=\"screen-reader-text\">Wettkampfsport Synchronschwimmen<\/span> Weiterlesen &raquo;<\/a><\/p>\n","protected":false},"author":5,"featured_media":0,"parent":63,"menu_order":0,"comment_status":"closed","ping_status":"closed","template":"","meta":{"footnotes":""},"class_list":["post-488","page","type-page","status-publish","hentry"],"yoast_head":"<!-- This site is optimized with the Yoast SEO plugin v27.4 - https:\/\/yoast.com\/product\/yoast-seo-wordpress\/ -->\n<title>Wettkampfsport Synchronschwimmen - Erster Sodener Schwimm-Club 1927 e.V.<\/title>\n<meta name=\"robots\" content=\"index, follow, max-snippet:-1, max-image-preview:large, max-video-preview:-1\" \/>\n<link rel=\"canonical\" href=\"https:\/\/essc-online.de\/v1\/synchronschwimmen\/wettkampfsport-synchronschwimmen\/\" \/>\n<meta property=\"og:locale\" content=\"de_DE\" \/>\n<meta property=\"og:type\" content=\"article\" \/>\n<meta property=\"og:title\" content=\"Wettkampfsport Synchronschwimmen - Erster Sodener Schwimm-Club 1927 e.V.\" \/>\n<meta property=\"og:description\" content=\"Die Abteilung Synchronschwimmen gibt es seit 1956 im Ersten Sodener Schwimm-Club. Der ESSC geh\u00f6rte zu den ersten Vereinen in Deutschland, die diese Sportart in ihrem Vereinsprogramm anbieten konnten und nahm 1957 auch an den ersten Deutschen Meisterschaften mit einem Bilderreigen &hellip; Wettkampfsport Synchronschwimmen Weiterlesen &raquo;\" \/>\n<meta property=\"og:url\" content=\"https:\/\/essc-online.de\/v1\/synchronschwimmen\/wettkampfsport-synchronschwimmen\/\" \/>\n<meta property=\"og:site_name\" content=\"Erster Sodener Schwimm-Club 1927 e.V.\" \/>\n<meta property=\"article:modified_time\" content=\"2026-01-29T10:32:06+00:00\" \/>\n<meta property=\"og:image\" content=\"https:\/\/essc-online.de\/v1\/wp-content\/uploads\/2026\/01\/WhatsApp-Image-2026-01-29-at-10.25.41-1024x646.jpeg\" \/>\n<meta name=\"twitter:card\" content=\"summary_large_image\" \/>\n<meta name=\"twitter:label1\" content=\"Gesch\u00e4tzte Lesezeit\" \/>\n\t<meta name=\"twitter:data1\" content=\"3\u00a0Minuten\" \/>\n<script type=\"application\/ld+json\" class=\"yoast-schema-graph\">{\"@context\":\"https:\\\/\\\/schema.org\",\"@graph\":[{\"@type\":\"WebPage\",\"@id\":\"https:\\\/\\\/essc-online.de\\\/v1\\\/synchronschwimmen\\\/wettkampfsport-synchronschwimmen\\\/\",\"url\":\"https:\\\/\\\/essc-online.de\\\/v1\\\/synchronschwimmen\\\/wettkampfsport-synchronschwimmen\\\/\",\"name\":\"Wettkampfsport Synchronschwimmen - Erster Sodener Schwimm-Club 1927 e.V.\",\"isPartOf\":{\"@id\":\"https:\\\/\\\/essc-online.de\\\/v1\\\/#website\"},\"primaryImageOfPage\":{\"@id\":\"https:\\\/\\\/essc-online.de\\\/v1\\\/synchronschwimmen\\\/wettkampfsport-synchronschwimmen\\\/#primaryimage\"},\"image\":{\"@id\":\"https:\\\/\\\/essc-online.de\\\/v1\\\/synchronschwimmen\\\/wettkampfsport-synchronschwimmen\\\/#primaryimage\"},\"thumbnailUrl\":\"https:\\\/\\\/essc-online.de\\\/v1\\\/wp-content\\\/uploads\\\/2026\\\/01\\\/WhatsApp-Image-2026-01-29-at-10.25.41-1024x646.jpeg\",\"datePublished\":\"2025-12-30T15:43:39+00:00\",\"dateModified\":\"2026-01-29T10:32:06+00:00\",\"breadcrumb\":{\"@id\":\"https:\\\/\\\/essc-online.de\\\/v1\\\/synchronschwimmen\\\/wettkampfsport-synchronschwimmen\\\/#breadcrumb\"},\"inLanguage\":\"de\",\"potentialAction\":[{\"@type\":\"ReadAction\",\"target\":[\"https:\\\/\\\/essc-online.de\\\/v1\\\/synchronschwimmen\\\/wettkampfsport-synchronschwimmen\\\/\"]}]},{\"@type\":\"ImageObject\",\"inLanguage\":\"de\",\"@id\":\"https:\\\/\\\/essc-online.de\\\/v1\\\/synchronschwimmen\\\/wettkampfsport-synchronschwimmen\\\/#primaryimage\",\"url\":\"https:\\\/\\\/essc-online.de\\\/v1\\\/wp-content\\\/uploads\\\/2026\\\/01\\\/WhatsApp-Image-2026-01-29-at-10.25.41-1024x646.jpeg\",\"contentUrl\":\"https:\\\/\\\/essc-online.de\\\/v1\\\/wp-content\\\/uploads\\\/2026\\\/01\\\/WhatsApp-Image-2026-01-29-at-10.25.41-1024x646.jpeg\"},{\"@type\":\"BreadcrumbList\",\"@id\":\"https:\\\/\\\/essc-online.de\\\/v1\\\/synchronschwimmen\\\/wettkampfsport-synchronschwimmen\\\/#breadcrumb\",\"itemListElement\":[{\"@type\":\"ListItem\",\"position\":1,\"name\":\"Startseite\",\"item\":\"https:\\\/\\\/essc-online.de\\\/v1\\\/\"},{\"@type\":\"ListItem\",\"position\":2,\"name\":\"Synchronschwimmen\",\"item\":\"https:\\\/\\\/essc-online.de\\\/v1\\\/synchronschwimmen\\\/\"},{\"@type\":\"ListItem\",\"position\":3,\"name\":\"Wettkampfsport Synchronschwimmen\"}]},{\"@type\":\"WebSite\",\"@id\":\"https:\\\/\\\/essc-online.de\\\/v1\\\/#website\",\"url\":\"https:\\\/\\\/essc-online.de\\\/v1\\\/\",\"name\":\"Erster Sodener Schwimm-Club 1927 e.V.\",\"description\":\"\",\"publisher\":{\"@id\":\"https:\\\/\\\/essc-online.de\\\/v1\\\/#organization\"},\"potentialAction\":[{\"@type\":\"SearchAction\",\"target\":{\"@type\":\"EntryPoint\",\"urlTemplate\":\"https:\\\/\\\/essc-online.de\\\/v1\\\/?s={search_term_string}\"},\"query-input\":{\"@type\":\"PropertyValueSpecification\",\"valueRequired\":true,\"valueName\":\"search_term_string\"}}],\"inLanguage\":\"de\"},{\"@type\":\"Organization\",\"@id\":\"https:\\\/\\\/essc-online.de\\\/v1\\\/#organization\",\"name\":\"Erster Sodener Schwimm-Club 1927 e.V.\",\"url\":\"https:\\\/\\\/essc-online.de\\\/v1\\\/\",\"logo\":{\"@type\":\"ImageObject\",\"inLanguage\":\"de\",\"@id\":\"https:\\\/\\\/essc-online.de\\\/v1\\\/#\\\/schema\\\/logo\\\/image\\\/\",\"url\":\"https:\\\/\\\/i0.wp.com\\\/essc-online.de\\\/v1\\\/wp-content\\\/uploads\\\/2025\\\/12\\\/Logo_ESSC.png?fit=640%2C193&ssl=1\",\"contentUrl\":\"https:\\\/\\\/i0.wp.com\\\/essc-online.de\\\/v1\\\/wp-content\\\/uploads\\\/2025\\\/12\\\/Logo_ESSC.png?fit=640%2C193&ssl=1\",\"width\":640,\"height\":193,\"caption\":\"Erster Sodener Schwimm-Club 1927 e.V.\"},\"image\":{\"@id\":\"https:\\\/\\\/essc-online.de\\\/v1\\\/#\\\/schema\\\/logo\\\/image\\\/\"}}]}<\/script>\n<!-- \/ Yoast SEO plugin. -->","yoast_head_json":{"title":"Wettkampfsport Synchronschwimmen - Erster Sodener Schwimm-Club 1927 e.V.","robots":{"index":"index","follow":"follow","max-snippet":"max-snippet:-1","max-image-preview":"max-image-preview:large","max-video-preview":"max-video-preview:-1"},"canonical":"https:\/\/essc-online.de\/v1\/synchronschwimmen\/wettkampfsport-synchronschwimmen\/","og_locale":"de_DE","og_type":"article","og_title":"Wettkampfsport Synchronschwimmen - Erster Sodener Schwimm-Club 1927 e.V.","og_description":"Die Abteilung Synchronschwimmen gibt es seit 1956 im Ersten Sodener Schwimm-Club. Der ESSC geh\u00f6rte zu den ersten Vereinen in Deutschland, die diese Sportart in ihrem Vereinsprogramm anbieten konnten und nahm 1957 auch an den ersten Deutschen Meisterschaften mit einem Bilderreigen &hellip; Wettkampfsport Synchronschwimmen Weiterlesen &raquo;","og_url":"https:\/\/essc-online.de\/v1\/synchronschwimmen\/wettkampfsport-synchronschwimmen\/","og_site_name":"Erster Sodener Schwimm-Club 1927 e.V.","article_modified_time":"2026-01-29T10:32:06+00:00","og_image":[{"url":"https:\/\/essc-online.de\/v1\/wp-content\/uploads\/2026\/01\/WhatsApp-Image-2026-01-29-at-10.25.41-1024x646.jpeg","type":"","width":"","height":""}],"twitter_card":"summary_large_image","twitter_misc":{"Gesch\u00e4tzte Lesezeit":"3\u00a0Minuten"},"schema":{"@context":"https:\/\/schema.org","@graph":[{"@type":"WebPage","@id":"https:\/\/essc-online.de\/v1\/synchronschwimmen\/wettkampfsport-synchronschwimmen\/","url":"https:\/\/essc-online.de\/v1\/synchronschwimmen\/wettkampfsport-synchronschwimmen\/","name":"Wettkampfsport Synchronschwimmen - Erster Sodener Schwimm-Club 1927 e.V.","isPartOf":{"@id":"https:\/\/essc-online.de\/v1\/#website"},"primaryImageOfPage":{"@id":"https:\/\/essc-online.de\/v1\/synchronschwimmen\/wettkampfsport-synchronschwimmen\/#primaryimage"},"image":{"@id":"https:\/\/essc-online.de\/v1\/synchronschwimmen\/wettkampfsport-synchronschwimmen\/#primaryimage"},"thumbnailUrl":"https:\/\/essc-online.de\/v1\/wp-content\/uploads\/2026\/01\/WhatsApp-Image-2026-01-29-at-10.25.41-1024x646.jpeg","datePublished":"2025-12-30T15:43:39+00:00","dateModified":"2026-01-29T10:32:06+00:00","breadcrumb":{"@id":"https:\/\/essc-online.de\/v1\/synchronschwimmen\/wettkampfsport-synchronschwimmen\/#breadcrumb"},"inLanguage":"de","potentialAction":[{"@type":"ReadAction","target":["https:\/\/essc-online.de\/v1\/synchronschwimmen\/wettkampfsport-synchronschwimmen\/"]}]},{"@type":"ImageObject","inLanguage":"de","@id":"https:\/\/essc-online.de\/v1\/synchronschwimmen\/wettkampfsport-synchronschwimmen\/#primaryimage","url":"https:\/\/essc-online.de\/v1\/wp-content\/uploads\/2026\/01\/WhatsApp-Image-2026-01-29-at-10.25.41-1024x646.jpeg","contentUrl":"https:\/\/essc-online.de\/v1\/wp-content\/uploads\/2026\/01\/WhatsApp-Image-2026-01-29-at-10.25.41-1024x646.jpeg"},{"@type":"BreadcrumbList","@id":"https:\/\/essc-online.de\/v1\/synchronschwimmen\/wettkampfsport-synchronschwimmen\/#breadcrumb","itemListElement":[{"@type":"ListItem","position":1,"name":"Startseite","item":"https:\/\/essc-online.de\/v1\/"},{"@type":"ListItem","position":2,"name":"Synchronschwimmen","item":"https:\/\/essc-online.de\/v1\/synchronschwimmen\/"},{"@type":"ListItem","position":3,"name":"Wettkampfsport Synchronschwimmen"}]},{"@type":"WebSite","@id":"https:\/\/essc-online.de\/v1\/#website","url":"https:\/\/essc-online.de\/v1\/","name":"Erster Sodener Schwimm-Club 1927 e.V.","description":"","publisher":{"@id":"https:\/\/essc-online.de\/v1\/#organization"},"potentialAction":[{"@type":"SearchAction","target":{"@type":"EntryPoint","urlTemplate":"https:\/\/essc-online.de\/v1\/?s={search_term_string}"},"query-input":{"@type":"PropertyValueSpecification","valueRequired":true,"valueName":"search_term_string"}}],"inLanguage":"de"},{"@type":"Organization","@id":"https:\/\/essc-online.de\/v1\/#organization","name":"Erster Sodener Schwimm-Club 1927 e.V.","url":"https:\/\/essc-online.de\/v1\/","logo":{"@type":"ImageObject","inLanguage":"de","@id":"https:\/\/essc-online.de\/v1\/#\/schema\/logo\/image\/","url":"https:\/\/i0.wp.com\/essc-online.de\/v1\/wp-content\/uploads\/2025\/12\/Logo_ESSC.png?fit=640%2C193&ssl=1","contentUrl":"https:\/\/i0.wp.com\/essc-online.de\/v1\/wp-content\/uploads\/2025\/12\/Logo_ESSC.png?fit=640%2C193&ssl=1","width":640,"height":193,"caption":"Erster Sodener Schwimm-Club 1927 e.V."},"image":{"@id":"https:\/\/essc-online.de\/v1\/#\/schema\/logo\/image\/"}}]}},"jetpack_sharing_enabled":true,"_links":{"self":[{"href":"https:\/\/essc-online.de\/v1\/wp-json\/wp\/v2\/pages\/488","targetHints":{"allow":["GET"]}}],"collection":[{"href":"https:\/\/essc-online.de\/v1\/wp-json\/wp\/v2\/pages"}],"about":[{"href":"https:\/\/essc-online.de\/v1\/wp-json\/wp\/v2\/types\/page"}],"author":[{"embeddable":true,"href":"https:\/\/essc-online.de\/v1\/wp-json\/wp\/v2\/users\/5"}],"replies":[{"embeddable":true,"href":"https:\/\/essc-online.de\/v1\/wp-json\/wp\/v2\/comments?post=488"}],"version-history":[{"count":5,"href":"https:\/\/essc-online.de\/v1\/wp-json\/wp\/v2\/pages\/488\/revisions"}],"predecessor-version":[{"id":1639,"href":"https:\/\/essc-online.de\/v1\/wp-json\/wp\/v2\/pages\/488\/revisions\/1639"}],"up":[{"embeddable":true,"href":"https:\/\/essc-online.de\/v1\/wp-json\/wp\/v2\/pages\/63"}],"wp:attachment":[{"href":"https:\/\/essc-online.de\/v1\/wp-json\/wp\/v2\/media?parent=488"}],"curies":[{"name":"wp","href":"https:\/\/api.w.org\/{rel}","templated":true}]}}