{"id":580,"date":"2025-12-30T16:59:37","date_gmt":"2025-12-30T15:59:37","guid":{"rendered":"https:\/\/essc-online.de\/v1\/?page_id=580"},"modified":"2025-12-30T16:59:39","modified_gmt":"2025-12-30T15:59:39","slug":"anschriften-der-uebungsstaetten","status":"publish","type":"page","link":"https:\/\/essc-online.de\/v1\/anschriften-der-uebungsstaetten\/","title":{"rendered":"Anschriften der \u00dcbungsst\u00e4tten"},"content":{"rendered":"\n<p><\/p>\n\n\n\n<figure class=\"wp-block-table\"><table class=\"has-fixed-layout\"><tbody><tr><td><strong>Sporthallen<\/strong><\/td><td><strong>Schwimmb\u00e4der<\/strong><\/td><\/tr><tr><td><strong>ESSC Clubhaus<\/strong><br>Kelkheimer Stra\u00dfe 72<br>65812 Bad Soden<br><strong>Hasselgrundhalle<\/strong><br>Gartenstra\u00dfe 2 a<br>65812 Bad Soden<br><strong>Otfried Preu\u00dfler Schule<\/strong><br>Am Wasserturm 1<br>65812 Bad Soden<br><strong>Theodor-Heuss-Schule<\/strong><br>Sulzbacher Stra\u00dfe 5<br>65812 Bad Soden<br><strong>Drei-Linden-Schule<\/strong><br>Schwalbacher Stra\u00dfe 33<br>65812 Bad Soden-Neuenhain<br><strong>Kahlbachhalle<\/strong><br>Kirchstra\u00dfe 31<br>65812 Bad Soden-Altenhain<br><strong>KSC Clubheim<\/strong><br>Lorsbacher Str. 41<br>65779 Kelkheim<\/td><td><strong>FreiBadSoden<\/strong><br>Kelkheimer Stra\u00dfe 74<br>65812 Bad Soden<br><strong>ISF Internationale Schule Frankfurt<\/strong><br>Stra\u00dfe zur Internationalen Schule 33<br>65931 Frankfurt-Sindlingen<br><strong>Sport- und Wellnessbad Kelsterbach<\/strong><br>Kirschenallee 52-54<br>65451 Kelsterbach<br><strong>Sportschule des Landessportbundes Hessen<\/strong><br>Otto-Fleck-Schneise 4<br>60528 Frankfurt am Main<br><strong>Rhein-Main-Therme<\/strong><br>Niederhofheimer Stra\u00dfe 67<br>65719 Hofheim<br><strong>Rosenh\u00f6he Offenbach<\/strong><br>Auf der Rosenh\u00f6he 29<br>63069 Offenbach<br><strong>Kreishallenbad Kriftel<\/strong><br>Auf der Hohlmauer 1-3<br>65830 Kriftel<\/td><\/tr><\/tbody><\/table><\/figure>\n","protected":false},"excerpt":{"rendered":"<p>Sporthallen Schwimmb\u00e4der ESSC ClubhausKelkheimer Stra\u00dfe 7265812 Bad SodenHasselgrundhalleGartenstra\u00dfe 2 a65812 Bad SodenOtfried Preu\u00dfler SchuleAm Wasserturm 165812 Bad SodenTheodor-Heuss-SchuleSulzbacher Stra\u00dfe 565812 Bad SodenDrei-Linden-SchuleSchwalbacher Stra\u00dfe 3365812 Bad Soden-NeuenhainKahlbachhalleKirchstra\u00dfe 3165812 Bad Soden-AltenhainKSC ClubheimLorsbacher Str. 4165779 Kelkheim FreiBadSodenKelkheimer Stra\u00dfe 7465812 Bad SodenISF Internationale Schule &hellip;<\/p>\n<p class=\"read-more\"> <a class=\"more-link\" href=\"https:\/\/essc-online.de\/v1\/anschriften-der-uebungsstaetten\/\"> <span class=\"screen-reader-text\">Anschriften der \u00dcbungsst\u00e4tten<\/span> Weiterlesen &raquo;<\/a><\/p>\n","protected":false},"author":5,"featured_media":0,"parent":0,"menu_order":0,"comment_status":"closed","ping_status":"closed","template":"","meta":{"footnotes":""},"class_list":["post-580","page","type-page","status-publish","hentry"],"yoast_head":"<!-- This site is optimized with the Yoast SEO plugin v27.4 - https:\/\/yoast.com\/product\/yoast-seo-wordpress\/ -->\n<title>Anschriften der \u00dcbungsst\u00e4tten - Erster Sodener Schwimm-Club 1927 e.V.<\/title>\n<meta name=\"robots\" content=\"index, follow, max-snippet:-1, max-image-preview:large, max-video-preview:-1\" \/>\n<link rel=\"canonical\" href=\"https:\/\/essc-online.de\/v1\/anschriften-der-uebungsstaetten\/\" \/>\n<meta property=\"og:locale\" content=\"de_DE\" \/>\n<meta property=\"og:type\" content=\"article\" \/>\n<meta property=\"og:title\" content=\"Anschriften der \u00dcbungsst\u00e4tten - Erster Sodener Schwimm-Club 1927 e.V.\" \/>\n<meta property=\"og:description\" content=\"Sporthallen Schwimmb\u00e4der ESSC ClubhausKelkheimer Stra\u00dfe 7265812 Bad SodenHasselgrundhalleGartenstra\u00dfe 2 a65812 Bad SodenOtfried Preu\u00dfler SchuleAm Wasserturm 165812 Bad SodenTheodor-Heuss-SchuleSulzbacher Stra\u00dfe 565812 Bad SodenDrei-Linden-SchuleSchwalbacher Stra\u00dfe 3365812 Bad Soden-NeuenhainKahlbachhalleKirchstra\u00dfe 3165812 Bad Soden-AltenhainKSC ClubheimLorsbacher Str. 4165779 Kelkheim FreiBadSodenKelkheimer Stra\u00dfe 7465812 Bad SodenISF Internationale Schule &hellip; Anschriften der \u00dcbungsst\u00e4tten Weiterlesen &raquo;\" \/>\n<meta property=\"og:url\" content=\"https:\/\/essc-online.de\/v1\/anschriften-der-uebungsstaetten\/\" \/>\n<meta property=\"og:site_name\" content=\"Erster Sodener Schwimm-Club 1927 e.V.\" \/>\n<meta property=\"article:modified_time\" content=\"2025-12-30T15:59:39+00:00\" \/>\n<meta name=\"twitter:card\" content=\"summary_large_image\" \/>\n<meta name=\"twitter:label1\" content=\"Gesch\u00e4tzte Lesezeit\" \/>\n\t<meta name=\"twitter:data1\" content=\"1\u00a0Minute\" \/>\n<script type=\"application\/ld+json\" class=\"yoast-schema-graph\">{\"@context\":\"https:\\\/\\\/schema.org\",\"@graph\":[{\"@type\":\"WebPage\",\"@id\":\"https:\\\/\\\/essc-online.de\\\/v1\\\/anschriften-der-uebungsstaetten\\\/\",\"url\":\"https:\\\/\\\/essc-online.de\\\/v1\\\/anschriften-der-uebungsstaetten\\\/\",\"name\":\"Anschriften der \u00dcbungsst\u00e4tten - Erster Sodener Schwimm-Club 1927 e.V.\",\"isPartOf\":{\"@id\":\"https:\\\/\\\/essc-online.de\\\/v1\\\/#website\"},\"datePublished\":\"2025-12-30T15:59:37+00:00\",\"dateModified\":\"2025-12-30T15:59:39+00:00\",\"breadcrumb\":{\"@id\":\"https:\\\/\\\/essc-online.de\\\/v1\\\/anschriften-der-uebungsstaetten\\\/#breadcrumb\"},\"inLanguage\":\"de\",\"potentialAction\":[{\"@type\":\"ReadAction\",\"target\":[\"https:\\\/\\\/essc-online.de\\\/v1\\\/anschriften-der-uebungsstaetten\\\/\"]}]},{\"@type\":\"BreadcrumbList\",\"@id\":\"https:\\\/\\\/essc-online.de\\\/v1\\\/anschriften-der-uebungsstaetten\\\/#breadcrumb\",\"itemListElement\":[{\"@type\":\"ListItem\",\"position\":1,\"name\":\"Startseite\",\"item\":\"https:\\\/\\\/essc-online.de\\\/v1\\\/\"},{\"@type\":\"ListItem\",\"position\":2,\"name\":\"Anschriften der \u00dcbungsst\u00e4tten\"}]},{\"@type\":\"WebSite\",\"@id\":\"https:\\\/\\\/essc-online.de\\\/v1\\\/#website\",\"url\":\"https:\\\/\\\/essc-online.de\\\/v1\\\/\",\"name\":\"Erster Sodener Schwimm-Club 1927 e.V.\",\"description\":\"\",\"publisher\":{\"@id\":\"https:\\\/\\\/essc-online.de\\\/v1\\\/#organization\"},\"potentialAction\":[{\"@type\":\"SearchAction\",\"target\":{\"@type\":\"EntryPoint\",\"urlTemplate\":\"https:\\\/\\\/essc-online.de\\\/v1\\\/?s={search_term_string}\"},\"query-input\":{\"@type\":\"PropertyValueSpecification\",\"valueRequired\":true,\"valueName\":\"search_term_string\"}}],\"inLanguage\":\"de\"},{\"@type\":\"Organization\",\"@id\":\"https:\\\/\\\/essc-online.de\\\/v1\\\/#organization\",\"name\":\"Erster Sodener Schwimm-Club 1927 e.V.\",\"url\":\"https:\\\/\\\/essc-online.de\\\/v1\\\/\",\"logo\":{\"@type\":\"ImageObject\",\"inLanguage\":\"de\",\"@id\":\"https:\\\/\\\/essc-online.de\\\/v1\\\/#\\\/schema\\\/logo\\\/image\\\/\",\"url\":\"https:\\\/\\\/i0.wp.com\\\/essc-online.de\\\/v1\\\/wp-content\\\/uploads\\\/2025\\\/12\\\/Logo_ESSC.png?fit=640%2C193&ssl=1\",\"contentUrl\":\"https:\\\/\\\/i0.wp.com\\\/essc-online.de\\\/v1\\\/wp-content\\\/uploads\\\/2025\\\/12\\\/Logo_ESSC.png?fit=640%2C193&ssl=1\",\"width\":640,\"height\":193,\"caption\":\"Erster Sodener Schwimm-Club 1927 e.V.\"},\"image\":{\"@id\":\"https:\\\/\\\/essc-online.de\\\/v1\\\/#\\\/schema\\\/logo\\\/image\\\/\"}}]}<\/script>\n<!-- \/ Yoast SEO plugin. -->","yoast_head_json":{"title":"Anschriften der \u00dcbungsst\u00e4tten - Erster Sodener Schwimm-Club 1927 e.V.","robots":{"index":"index","follow":"follow","max-snippet":"max-snippet:-1","max-image-preview":"max-image-preview:large","max-video-preview":"max-video-preview:-1"},"canonical":"https:\/\/essc-online.de\/v1\/anschriften-der-uebungsstaetten\/","og_locale":"de_DE","og_type":"article","og_title":"Anschriften der \u00dcbungsst\u00e4tten - Erster Sodener Schwimm-Club 1927 e.V.","og_description":"Sporthallen Schwimmb\u00e4der ESSC ClubhausKelkheimer Stra\u00dfe 7265812 Bad SodenHasselgrundhalleGartenstra\u00dfe 2 a65812 Bad SodenOtfried Preu\u00dfler SchuleAm Wasserturm 165812 Bad SodenTheodor-Heuss-SchuleSulzbacher Stra\u00dfe 565812 Bad SodenDrei-Linden-SchuleSchwalbacher Stra\u00dfe 3365812 Bad Soden-NeuenhainKahlbachhalleKirchstra\u00dfe 3165812 Bad Soden-AltenhainKSC ClubheimLorsbacher Str. 4165779 Kelkheim FreiBadSodenKelkheimer Stra\u00dfe 7465812 Bad SodenISF Internationale Schule &hellip; Anschriften der \u00dcbungsst\u00e4tten Weiterlesen &raquo;","og_url":"https:\/\/essc-online.de\/v1\/anschriften-der-uebungsstaetten\/","og_site_name":"Erster Sodener Schwimm-Club 1927 e.V.","article_modified_time":"2025-12-30T15:59:39+00:00","twitter_card":"summary_large_image","twitter_misc":{"Gesch\u00e4tzte Lesezeit":"1\u00a0Minute"},"schema":{"@context":"https:\/\/schema.org","@graph":[{"@type":"WebPage","@id":"https:\/\/essc-online.de\/v1\/anschriften-der-uebungsstaetten\/","url":"https:\/\/essc-online.de\/v1\/anschriften-der-uebungsstaetten\/","name":"Anschriften der \u00dcbungsst\u00e4tten - Erster Sodener Schwimm-Club 1927 e.V.","isPartOf":{"@id":"https:\/\/essc-online.de\/v1\/#website"},"datePublished":"2025-12-30T15:59:37+00:00","dateModified":"2025-12-30T15:59:39+00:00","breadcrumb":{"@id":"https:\/\/essc-online.de\/v1\/anschriften-der-uebungsstaetten\/#breadcrumb"},"inLanguage":"de","potentialAction":[{"@type":"ReadAction","target":["https:\/\/essc-online.de\/v1\/anschriften-der-uebungsstaetten\/"]}]},{"@type":"BreadcrumbList","@id":"https:\/\/essc-online.de\/v1\/anschriften-der-uebungsstaetten\/#breadcrumb","itemListElement":[{"@type":"ListItem","position":1,"name":"Startseite","item":"https:\/\/essc-online.de\/v1\/"},{"@type":"ListItem","position":2,"name":"Anschriften der \u00dcbungsst\u00e4tten"}]},{"@type":"WebSite","@id":"https:\/\/essc-online.de\/v1\/#website","url":"https:\/\/essc-online.de\/v1\/","name":"Erster Sodener Schwimm-Club 1927 e.V.","description":"","publisher":{"@id":"https:\/\/essc-online.de\/v1\/#organization"},"potentialAction":[{"@type":"SearchAction","target":{"@type":"EntryPoint","urlTemplate":"https:\/\/essc-online.de\/v1\/?s={search_term_string}"},"query-input":{"@type":"PropertyValueSpecification","valueRequired":true,"valueName":"search_term_string"}}],"inLanguage":"de"},{"@type":"Organization","@id":"https:\/\/essc-online.de\/v1\/#organization","name":"Erster Sodener Schwimm-Club 1927 e.V.","url":"https:\/\/essc-online.de\/v1\/","logo":{"@type":"ImageObject","inLanguage":"de","@id":"https:\/\/essc-online.de\/v1\/#\/schema\/logo\/image\/","url":"https:\/\/i0.wp.com\/essc-online.de\/v1\/wp-content\/uploads\/2025\/12\/Logo_ESSC.png?fit=640%2C193&ssl=1","contentUrl":"https:\/\/i0.wp.com\/essc-online.de\/v1\/wp-content\/uploads\/2025\/12\/Logo_ESSC.png?fit=640%2C193&ssl=1","width":640,"height":193,"caption":"Erster Sodener Schwimm-Club 1927 e.V."},"image":{"@id":"https:\/\/essc-online.de\/v1\/#\/schema\/logo\/image\/"}}]}},"jetpack_sharing_enabled":true,"_links":{"self":[{"href":"https:\/\/essc-online.de\/v1\/wp-json\/wp\/v2\/pages\/580","targetHints":{"allow":["GET"]}}],"collection":[{"href":"https:\/\/essc-online.de\/v1\/wp-json\/wp\/v2\/pages"}],"about":[{"href":"https:\/\/essc-online.de\/v1\/wp-json\/wp\/v2\/types\/page"}],"author":[{"embeddable":true,"href":"https:\/\/essc-online.de\/v1\/wp-json\/wp\/v2\/users\/5"}],"replies":[{"embeddable":true,"href":"https:\/\/essc-online.de\/v1\/wp-json\/wp\/v2\/comments?post=580"}],"version-history":[{"count":1,"href":"https:\/\/essc-online.de\/v1\/wp-json\/wp\/v2\/pages\/580\/revisions"}],"predecessor-version":[{"id":587,"href":"https:\/\/essc-online.de\/v1\/wp-json\/wp\/v2\/pages\/580\/revisions\/587"}],"wp:attachment":[{"href":"https:\/\/essc-online.de\/v1\/wp-json\/wp\/v2\/media?parent=580"}],"curies":[{"name":"wp","href":"https:\/\/api.w.org\/{rel}","templated":true}]}}