{"id":583,"date":"2025-12-30T17:11:00","date_gmt":"2025-12-30T16:11:00","guid":{"rendered":"https:\/\/essc-online.de\/v1\/?page_id=583"},"modified":"2026-01-16T22:55:12","modified_gmt":"2026-01-16T21:55:12","slug":"pilates","status":"publish","type":"page","link":"https:\/\/essc-online.de\/v1\/fitness-bewegung\/pilates\/","title":{"rendered":"Pilates"},"content":{"rendered":"\n<div class=\"wp-block-media-text is-stacked-on-mobile\" style=\"grid-template-columns:64% auto\"><figure class=\"wp-block-media-text__media\"><img data-recalc-dims=\"1\" loading=\"lazy\" decoding=\"async\" width=\"458\" height=\"221\" src=\"https:\/\/i0.wp.com\/essc-online.de\/v1\/wp-content\/uploads\/2025\/12\/image-5.jpeg?resize=458%2C221&#038;ssl=1\" alt=\"\" class=\"wp-image-595 size-full\" srcset=\"https:\/\/i0.wp.com\/essc-online.de\/v1\/wp-content\/uploads\/2025\/12\/image-5.jpeg?w=458&amp;ssl=1 458w, https:\/\/i0.wp.com\/essc-online.de\/v1\/wp-content\/uploads\/2025\/12\/image-5.jpeg?resize=300%2C145&amp;ssl=1 300w, https:\/\/i0.wp.com\/essc-online.de\/v1\/wp-content\/uploads\/2025\/12\/image-5.jpeg?resize=100%2C48&amp;ssl=1 100w, https:\/\/i0.wp.com\/essc-online.de\/v1\/wp-content\/uploads\/2025\/12\/image-5.jpeg?resize=150%2C72&amp;ssl=1 150w, https:\/\/i0.wp.com\/essc-online.de\/v1\/wp-content\/uploads\/2025\/12\/image-5.jpeg?resize=200%2C97&amp;ssl=1 200w, https:\/\/i0.wp.com\/essc-online.de\/v1\/wp-content\/uploads\/2025\/12\/image-5.jpeg?resize=450%2C217&amp;ssl=1 450w\" sizes=\"auto, (max-width: 458px) 100vw, 458px\" \/><\/figure><div class=\"wp-block-media-text__content\">\n<p>Pilates ist Power aus der K\u00f6rpermitte \u2013 eine Mischung aus Wirbels\u00e4ulengymnastik, Kraft\u00fcbungen, Yoga und Stretching. Geschult werden Kraft, Beweglichkeit, Bewegungsfluss, Koordination und bewusste Atmung.<\/p>\n\n\n\n<p><\/p>\n<\/div><\/div>\n\n\n\n<p>Die Pilates-Methode ist ein ganzheitliches K\u00f6rpertraining, in dem vor allem die tief liegenden, kleinen, aber meist schw\u00e4cheren Muskelgruppen angesprochen werden, die f\u00fcr eine korrekte und gesunde K\u00f6rperhaltung sorgen sollen. Pilates kombiniert Atemtechnik, Kraft\u00fcbungen, Koordination und Stretching &#8211; alles in harmonisch flie\u00dfenden Bewegungen.<br><br>Die wesentlichen Prinzipien der Pilates-Methode sind Kontrolle, Konzentration, bewusste Atmung, Zentrierung, Entspannung, Bewegungsfluss und Koordination. Angestrebt werden die St\u00e4rkung der Muskulatur, die Verbesserung von Kondition und Bewegungskoordination, eine Verbesserung der K\u00f6rperhaltung, die Anregung des Kreislaufs und eine erh\u00f6hte K\u00f6rperwahrnehmung.<br><br>Pilates ist ideal, um den ganzen K\u00f6rper ins Lot zu bringen und um die eigene &#8222;Mitte&#8220; zu finden. Das Training ist sowohl muskel- als auch gelenkschonend, da man ohne gro\u00dfe Gewichte auskommt und Bewegungen bewusst langsam und harmonisch durchgef\u00fchrt werden. Es geht um Muskelst\u00e4rkung, die Stabilisierung der K\u00f6rperhaltung und das Steigern der Gelenkbeweglichkeit, ohne den K\u00f6rper \u00fcberm\u00e4\u00dfig zu belasten. Zudem ist Pilates f\u00fcr Jedermann geeignet, egal ob Profisportler, T\u00e4nzer oder Durchschnittsb\u00fcrger mit R\u00fcckenbeschwerden.<\/p>\n\n\n\n<p>Info und&nbsp;Anmeldung:&nbsp;<a href=\"mailto:hallensport@essc-online.de\">hallensport@essc-online.de<\/a><\/p>\n\n\n\n<h3 class=\"wp-block-heading\" id=\"cc-m-header-12395944996\">\u00dcbungsleiterin<\/h3>\n\n\n\n<div class=\"wp-block-columns is-layout-flex wp-container-core-columns-is-layout-9d6595d7 wp-block-columns-is-layout-flex\">\n<div class=\"wp-block-column is-layout-flow wp-block-column-is-layout-flow\" style=\"flex-basis:33.33%\">\n<figure class=\"wp-block-image\"><img data-recalc-dims=\"1\" decoding=\"async\" src=\"https:\/\/i0.wp.com\/essc-online.de\/image.jimcdn.com\/app\/cms\/image\/transf\/none\/path\/sb40a1f9b51e0ff7c\/image\/ie6354c89454bb052\/version\/1455191412\/image.jpg?w=605&#038;ssl=1\" alt=\"\"\/><\/figure>\n<\/div>\n\n\n\n<div class=\"wp-block-column is-layout-flow wp-block-column-is-layout-flow\" style=\"flex-basis:66.66%\">\n<p><strong>Petra K\u00fchnau<\/strong><\/p>\n\n\n\n<ul class=\"wp-block-list\">\n<li>Fitness- und Gesundheitstrainerin<\/li>\n\n\n\n<li>Herz-Kreislauf-Trainerin<\/li>\n<\/ul>\n<\/div>\n<\/div>\n\n\n\n<p>Trainingszeiten und -orte finden Sie im\u00a0aktuellen\u00a0<a href=\"https:\/\/essc-online.de\/v1\/der-verein\/uebungsplan\/\"><strong>\u00dcbungsplan<\/strong><\/a><\/p>\n\n\n\n<p>Anschriften der&nbsp;<strong><a href=\"https:\/\/essc-online.de\/www.essc-online.de\/verein\/anschriften-%c3%bcbungsst%c3%a4tten\/index.html\"><strong>\u00dcbungsst\u00e4tten<\/strong><\/a><\/strong><\/p>\n","protected":false},"excerpt":{"rendered":"<p>Pilates ist Power aus der K\u00f6rpermitte \u2013 eine Mischung aus Wirbels\u00e4ulengymnastik, Kraft\u00fcbungen, Yoga und Stretching. Geschult werden Kraft, Beweglichkeit, Bewegungsfluss, Koordination und bewusste Atmung. Die Pilates-Methode ist ein ganzheitliches K\u00f6rpertraining, in dem vor allem die tief liegenden, kleinen, aber meist &hellip;<\/p>\n<p class=\"read-more\"> <a class=\"more-link\" href=\"https:\/\/essc-online.de\/v1\/fitness-bewegung\/pilates\/\"> <span class=\"screen-reader-text\">Pilates<\/span> Weiterlesen &raquo;<\/a><\/p>\n","protected":false},"author":2,"featured_media":0,"parent":66,"menu_order":0,"comment_status":"closed","ping_status":"closed","template":"","meta":{"footnotes":""},"class_list":["post-583","page","type-page","status-publish","hentry"],"yoast_head":"<!-- This site is optimized with the Yoast SEO plugin v27.4 - https:\/\/yoast.com\/product\/yoast-seo-wordpress\/ -->\n<title>Pilates - Erster Sodener Schwimm-Club 1927 e.V.<\/title>\n<meta name=\"robots\" content=\"index, follow, max-snippet:-1, max-image-preview:large, max-video-preview:-1\" \/>\n<link rel=\"canonical\" href=\"https:\/\/essc-online.de\/v1\/fitness-bewegung\/pilates\/\" \/>\n<meta property=\"og:locale\" content=\"de_DE\" \/>\n<meta property=\"og:type\" content=\"article\" \/>\n<meta property=\"og:title\" content=\"Pilates - Erster Sodener Schwimm-Club 1927 e.V.\" \/>\n<meta property=\"og:description\" content=\"Pilates ist Power aus der K\u00f6rpermitte \u2013 eine Mischung aus Wirbels\u00e4ulengymnastik, Kraft\u00fcbungen, Yoga und Stretching. Geschult werden Kraft, Beweglichkeit, Bewegungsfluss, Koordination und bewusste Atmung. Die Pilates-Methode ist ein ganzheitliches K\u00f6rpertraining, in dem vor allem die tief liegenden, kleinen, aber meist &hellip; Pilates Weiterlesen &raquo;\" \/>\n<meta property=\"og:url\" content=\"https:\/\/essc-online.de\/v1\/fitness-bewegung\/pilates\/\" \/>\n<meta property=\"og:site_name\" content=\"Erster Sodener Schwimm-Club 1927 e.V.\" \/>\n<meta property=\"article:modified_time\" content=\"2026-01-16T21:55:12+00:00\" \/>\n<meta property=\"og:image\" content=\"https:\/\/essc-online.de\/v1\/wp-content\/uploads\/2025\/12\/image-5.jpeg\" \/>\n<meta name=\"twitter:card\" content=\"summary_large_image\" \/>\n<meta name=\"twitter:label1\" content=\"Gesch\u00e4tzte Lesezeit\" \/>\n\t<meta name=\"twitter:data1\" content=\"2\u00a0Minuten\" \/>\n<script type=\"application\/ld+json\" class=\"yoast-schema-graph\">{\"@context\":\"https:\\\/\\\/schema.org\",\"@graph\":[{\"@type\":\"WebPage\",\"@id\":\"https:\\\/\\\/essc-online.de\\\/v1\\\/fitness-bewegung\\\/pilates\\\/\",\"url\":\"https:\\\/\\\/essc-online.de\\\/v1\\\/fitness-bewegung\\\/pilates\\\/\",\"name\":\"Pilates - Erster Sodener Schwimm-Club 1927 e.V.\",\"isPartOf\":{\"@id\":\"https:\\\/\\\/essc-online.de\\\/v1\\\/#website\"},\"primaryImageOfPage\":{\"@id\":\"https:\\\/\\\/essc-online.de\\\/v1\\\/fitness-bewegung\\\/pilates\\\/#primaryimage\"},\"image\":{\"@id\":\"https:\\\/\\\/essc-online.de\\\/v1\\\/fitness-bewegung\\\/pilates\\\/#primaryimage\"},\"thumbnailUrl\":\"https:\\\/\\\/essc-online.de\\\/v1\\\/wp-content\\\/uploads\\\/2025\\\/12\\\/image-5.jpeg\",\"datePublished\":\"2025-12-30T16:11:00+00:00\",\"dateModified\":\"2026-01-16T21:55:12+00:00\",\"breadcrumb\":{\"@id\":\"https:\\\/\\\/essc-online.de\\\/v1\\\/fitness-bewegung\\\/pilates\\\/#breadcrumb\"},\"inLanguage\":\"de\",\"potentialAction\":[{\"@type\":\"ReadAction\",\"target\":[\"https:\\\/\\\/essc-online.de\\\/v1\\\/fitness-bewegung\\\/pilates\\\/\"]}]},{\"@type\":\"ImageObject\",\"inLanguage\":\"de\",\"@id\":\"https:\\\/\\\/essc-online.de\\\/v1\\\/fitness-bewegung\\\/pilates\\\/#primaryimage\",\"url\":\"https:\\\/\\\/i0.wp.com\\\/essc-online.de\\\/v1\\\/wp-content\\\/uploads\\\/2025\\\/12\\\/image-5.jpeg?fit=458%2C221&ssl=1\",\"contentUrl\":\"https:\\\/\\\/i0.wp.com\\\/essc-online.de\\\/v1\\\/wp-content\\\/uploads\\\/2025\\\/12\\\/image-5.jpeg?fit=458%2C221&ssl=1\",\"width\":458,\"height\":221,\"caption\":\"Pilates im ESSC\"},{\"@type\":\"BreadcrumbList\",\"@id\":\"https:\\\/\\\/essc-online.de\\\/v1\\\/fitness-bewegung\\\/pilates\\\/#breadcrumb\",\"itemListElement\":[{\"@type\":\"ListItem\",\"position\":1,\"name\":\"Startseite\",\"item\":\"https:\\\/\\\/essc-online.de\\\/v1\\\/\"},{\"@type\":\"ListItem\",\"position\":2,\"name\":\"Fitness &#038; Bewegung\",\"item\":\"https:\\\/\\\/essc-online.de\\\/v1\\\/fitness-bewegung\\\/\"},{\"@type\":\"ListItem\",\"position\":3,\"name\":\"Pilates\"}]},{\"@type\":\"WebSite\",\"@id\":\"https:\\\/\\\/essc-online.de\\\/v1\\\/#website\",\"url\":\"https:\\\/\\\/essc-online.de\\\/v1\\\/\",\"name\":\"Erster Sodener Schwimm-Club 1927 e.V.\",\"description\":\"\",\"publisher\":{\"@id\":\"https:\\\/\\\/essc-online.de\\\/v1\\\/#organization\"},\"potentialAction\":[{\"@type\":\"SearchAction\",\"target\":{\"@type\":\"EntryPoint\",\"urlTemplate\":\"https:\\\/\\\/essc-online.de\\\/v1\\\/?s={search_term_string}\"},\"query-input\":{\"@type\":\"PropertyValueSpecification\",\"valueRequired\":true,\"valueName\":\"search_term_string\"}}],\"inLanguage\":\"de\"},{\"@type\":\"Organization\",\"@id\":\"https:\\\/\\\/essc-online.de\\\/v1\\\/#organization\",\"name\":\"Erster Sodener Schwimm-Club 1927 e.V.\",\"url\":\"https:\\\/\\\/essc-online.de\\\/v1\\\/\",\"logo\":{\"@type\":\"ImageObject\",\"inLanguage\":\"de\",\"@id\":\"https:\\\/\\\/essc-online.de\\\/v1\\\/#\\\/schema\\\/logo\\\/image\\\/\",\"url\":\"https:\\\/\\\/i0.wp.com\\\/essc-online.de\\\/v1\\\/wp-content\\\/uploads\\\/2025\\\/12\\\/Logo_ESSC.png?fit=640%2C193&ssl=1\",\"contentUrl\":\"https:\\\/\\\/i0.wp.com\\\/essc-online.de\\\/v1\\\/wp-content\\\/uploads\\\/2025\\\/12\\\/Logo_ESSC.png?fit=640%2C193&ssl=1\",\"width\":640,\"height\":193,\"caption\":\"Erster Sodener Schwimm-Club 1927 e.V.\"},\"image\":{\"@id\":\"https:\\\/\\\/essc-online.de\\\/v1\\\/#\\\/schema\\\/logo\\\/image\\\/\"}}]}<\/script>\n<!-- \/ Yoast SEO plugin. -->","yoast_head_json":{"title":"Pilates - Erster Sodener Schwimm-Club 1927 e.V.","robots":{"index":"index","follow":"follow","max-snippet":"max-snippet:-1","max-image-preview":"max-image-preview:large","max-video-preview":"max-video-preview:-1"},"canonical":"https:\/\/essc-online.de\/v1\/fitness-bewegung\/pilates\/","og_locale":"de_DE","og_type":"article","og_title":"Pilates - Erster Sodener Schwimm-Club 1927 e.V.","og_description":"Pilates ist Power aus der K\u00f6rpermitte \u2013 eine Mischung aus Wirbels\u00e4ulengymnastik, Kraft\u00fcbungen, Yoga und Stretching. Geschult werden Kraft, Beweglichkeit, Bewegungsfluss, Koordination und bewusste Atmung. Die Pilates-Methode ist ein ganzheitliches K\u00f6rpertraining, in dem vor allem die tief liegenden, kleinen, aber meist &hellip; Pilates Weiterlesen &raquo;","og_url":"https:\/\/essc-online.de\/v1\/fitness-bewegung\/pilates\/","og_site_name":"Erster Sodener Schwimm-Club 1927 e.V.","article_modified_time":"2026-01-16T21:55:12+00:00","og_image":[{"url":"https:\/\/essc-online.de\/v1\/wp-content\/uploads\/2025\/12\/image-5.jpeg","type":"","width":"","height":""}],"twitter_card":"summary_large_image","twitter_misc":{"Gesch\u00e4tzte Lesezeit":"2\u00a0Minuten"},"schema":{"@context":"https:\/\/schema.org","@graph":[{"@type":"WebPage","@id":"https:\/\/essc-online.de\/v1\/fitness-bewegung\/pilates\/","url":"https:\/\/essc-online.de\/v1\/fitness-bewegung\/pilates\/","name":"Pilates - Erster Sodener Schwimm-Club 1927 e.V.","isPartOf":{"@id":"https:\/\/essc-online.de\/v1\/#website"},"primaryImageOfPage":{"@id":"https:\/\/essc-online.de\/v1\/fitness-bewegung\/pilates\/#primaryimage"},"image":{"@id":"https:\/\/essc-online.de\/v1\/fitness-bewegung\/pilates\/#primaryimage"},"thumbnailUrl":"https:\/\/essc-online.de\/v1\/wp-content\/uploads\/2025\/12\/image-5.jpeg","datePublished":"2025-12-30T16:11:00+00:00","dateModified":"2026-01-16T21:55:12+00:00","breadcrumb":{"@id":"https:\/\/essc-online.de\/v1\/fitness-bewegung\/pilates\/#breadcrumb"},"inLanguage":"de","potentialAction":[{"@type":"ReadAction","target":["https:\/\/essc-online.de\/v1\/fitness-bewegung\/pilates\/"]}]},{"@type":"ImageObject","inLanguage":"de","@id":"https:\/\/essc-online.de\/v1\/fitness-bewegung\/pilates\/#primaryimage","url":"https:\/\/i0.wp.com\/essc-online.de\/v1\/wp-content\/uploads\/2025\/12\/image-5.jpeg?fit=458%2C221&ssl=1","contentUrl":"https:\/\/i0.wp.com\/essc-online.de\/v1\/wp-content\/uploads\/2025\/12\/image-5.jpeg?fit=458%2C221&ssl=1","width":458,"height":221,"caption":"Pilates im ESSC"},{"@type":"BreadcrumbList","@id":"https:\/\/essc-online.de\/v1\/fitness-bewegung\/pilates\/#breadcrumb","itemListElement":[{"@type":"ListItem","position":1,"name":"Startseite","item":"https:\/\/essc-online.de\/v1\/"},{"@type":"ListItem","position":2,"name":"Fitness &#038; Bewegung","item":"https:\/\/essc-online.de\/v1\/fitness-bewegung\/"},{"@type":"ListItem","position":3,"name":"Pilates"}]},{"@type":"WebSite","@id":"https:\/\/essc-online.de\/v1\/#website","url":"https:\/\/essc-online.de\/v1\/","name":"Erster Sodener Schwimm-Club 1927 e.V.","description":"","publisher":{"@id":"https:\/\/essc-online.de\/v1\/#organization"},"potentialAction":[{"@type":"SearchAction","target":{"@type":"EntryPoint","urlTemplate":"https:\/\/essc-online.de\/v1\/?s={search_term_string}"},"query-input":{"@type":"PropertyValueSpecification","valueRequired":true,"valueName":"search_term_string"}}],"inLanguage":"de"},{"@type":"Organization","@id":"https:\/\/essc-online.de\/v1\/#organization","name":"Erster Sodener Schwimm-Club 1927 e.V.","url":"https:\/\/essc-online.de\/v1\/","logo":{"@type":"ImageObject","inLanguage":"de","@id":"https:\/\/essc-online.de\/v1\/#\/schema\/logo\/image\/","url":"https:\/\/i0.wp.com\/essc-online.de\/v1\/wp-content\/uploads\/2025\/12\/Logo_ESSC.png?fit=640%2C193&ssl=1","contentUrl":"https:\/\/i0.wp.com\/essc-online.de\/v1\/wp-content\/uploads\/2025\/12\/Logo_ESSC.png?fit=640%2C193&ssl=1","width":640,"height":193,"caption":"Erster Sodener Schwimm-Club 1927 e.V."},"image":{"@id":"https:\/\/essc-online.de\/v1\/#\/schema\/logo\/image\/"}}]}},"jetpack_sharing_enabled":true,"_links":{"self":[{"href":"https:\/\/essc-online.de\/v1\/wp-json\/wp\/v2\/pages\/583","targetHints":{"allow":["GET"]}}],"collection":[{"href":"https:\/\/essc-online.de\/v1\/wp-json\/wp\/v2\/pages"}],"about":[{"href":"https:\/\/essc-online.de\/v1\/wp-json\/wp\/v2\/types\/page"}],"author":[{"embeddable":true,"href":"https:\/\/essc-online.de\/v1\/wp-json\/wp\/v2\/users\/2"}],"replies":[{"embeddable":true,"href":"https:\/\/essc-online.de\/v1\/wp-json\/wp\/v2\/comments?post=583"}],"version-history":[{"count":4,"href":"https:\/\/essc-online.de\/v1\/wp-json\/wp\/v2\/pages\/583\/revisions"}],"predecessor-version":[{"id":1488,"href":"https:\/\/essc-online.de\/v1\/wp-json\/wp\/v2\/pages\/583\/revisions\/1488"}],"up":[{"embeddable":true,"href":"https:\/\/essc-online.de\/v1\/wp-json\/wp\/v2\/pages\/66"}],"wp:attachment":[{"href":"https:\/\/essc-online.de\/v1\/wp-json\/wp\/v2\/media?parent=583"}],"curies":[{"name":"wp","href":"https:\/\/api.w.org\/{rel}","templated":true}]}}