{"id":63,"date":"2025-11-30T22:44:44","date_gmt":"2025-11-30T21:44:44","guid":{"rendered":"https:\/\/essc-online.de\/v1\/?page_id=63"},"modified":"2026-01-30T17:05:56","modified_gmt":"2026-01-30T16:05:56","slug":"synchronschwimmen","status":"publish","type":"page","link":"https:\/\/essc-online.de\/v1\/synchronschwimmen\/","title":{"rendered":"Synchronschwimmen"},"content":{"rendered":"\n<figure class=\"wp-block-image size-large\"><img data-recalc-dims=\"1\" loading=\"lazy\" decoding=\"async\" width=\"605\" height=\"344\" src=\"https:\/\/i0.wp.com\/essc-online.de\/v1\/wp-content\/uploads\/2026\/01\/WhatsApp-Image-2026-01-30-at-14.26.42.jpeg?resize=605%2C344&#038;ssl=1\" alt=\"\" class=\"wp-image-1645\" srcset=\"https:\/\/i0.wp.com\/essc-online.de\/v1\/wp-content\/uploads\/2026\/01\/WhatsApp-Image-2026-01-30-at-14.26.42.jpeg?resize=1024%2C583&amp;ssl=1 1024w, https:\/\/i0.wp.com\/essc-online.de\/v1\/wp-content\/uploads\/2026\/01\/WhatsApp-Image-2026-01-30-at-14.26.42.jpeg?resize=300%2C171&amp;ssl=1 300w, https:\/\/i0.wp.com\/essc-online.de\/v1\/wp-content\/uploads\/2026\/01\/WhatsApp-Image-2026-01-30-at-14.26.42.jpeg?resize=768%2C437&amp;ssl=1 768w, https:\/\/i0.wp.com\/essc-online.de\/v1\/wp-content\/uploads\/2026\/01\/WhatsApp-Image-2026-01-30-at-14.26.42.jpeg?resize=100%2C57&amp;ssl=1 100w, https:\/\/i0.wp.com\/essc-online.de\/v1\/wp-content\/uploads\/2026\/01\/WhatsApp-Image-2026-01-30-at-14.26.42.jpeg?resize=150%2C85&amp;ssl=1 150w, https:\/\/i0.wp.com\/essc-online.de\/v1\/wp-content\/uploads\/2026\/01\/WhatsApp-Image-2026-01-30-at-14.26.42.jpeg?resize=200%2C114&amp;ssl=1 200w, https:\/\/i0.wp.com\/essc-online.de\/v1\/wp-content\/uploads\/2026\/01\/WhatsApp-Image-2026-01-30-at-14.26.42.jpeg?resize=450%2C256&amp;ssl=1 450w, https:\/\/i0.wp.com\/essc-online.de\/v1\/wp-content\/uploads\/2026\/01\/WhatsApp-Image-2026-01-30-at-14.26.42.jpeg?resize=600%2C342&amp;ssl=1 600w, https:\/\/i0.wp.com\/essc-online.de\/v1\/wp-content\/uploads\/2026\/01\/WhatsApp-Image-2026-01-30-at-14.26.42.jpeg?resize=900%2C512&amp;ssl=1 900w, https:\/\/i0.wp.com\/essc-online.de\/v1\/wp-content\/uploads\/2026\/01\/WhatsApp-Image-2026-01-30-at-14.26.42.jpeg?w=1400&amp;ssl=1 1400w, https:\/\/i0.wp.com\/essc-online.de\/v1\/wp-content\/uploads\/2026\/01\/WhatsApp-Image-2026-01-30-at-14.26.42.jpeg?w=1210&amp;ssl=1 1210w\" sizes=\"auto, (max-width: 605px) 100vw, 605px\" \/><\/figure>\n\n\n\n<p><br>Synchronschwimmen ist eine kompositorische Sportart und geh\u00f6rt zu den Disziplinen, in denen die Leistung durch die \u00e4sthetisch-k\u00fcnsterlische Ausf\u00fchrung und die Schwierigkeit einer Bewegungsabfolge bewertet wird.<\/p>\n\n\n\n<p>Die Sportler*innen m\u00fcssen sehr gut schwimmen und tauchen k\u00f6nnen und sollten \u00fcber Beweglichkeit, Kraft, gute K\u00f6rperspannung Anmut, genaues Timing, Musikalit\u00e4t und Ausdrucksverm\u00f6gen verf\u00fcgen. W\u00fcnschenswert sind auch Grundlagen aus Ballett oder Tanz und der Akrobatik.<br>Es ist ein einzigartiger Sport, in dem Kraft, St\u00e4rke und technische F\u00e4higkeiten in einer k\u00fcnstlerisch-choreographischen K\u00fcr zum Ausdruck kommen.<br>Dabei sind die Wettbewerbsregeln denen der verwandten Sportarten Eiskunstlaufen und Gymnastik sehr \u00e4hnlich.<\/p>\n\n\n\n<p>Wir betreiben Wettkampfsport und starten mit unseren Teams bei Wettk\u00e4mpfen von Landesebene bis zur Nationalen Ebene<br><br><\/p>\n\n\n\n<div class=\"wp-block-jetpack-tiled-gallery aligncenter is-style-rectangular\"><div class=\"\"><div class=\"tiled-gallery__gallery\"><div class=\"tiled-gallery__row\"><div class=\"tiled-gallery__col\" style=\"flex-basis:100.00000%\"><figure class=\"tiled-gallery__item\"><img decoding=\"async\" srcset=\"https:\/\/i0.wp.com\/essc-online.de\/v1\/wp-content\/uploads\/2026\/01\/WhatsApp-Image-2026-01-30-at-14.26.48-980x1024.jpeg?strip=info&#038;w=600&#038;ssl=1 600w,https:\/\/i0.wp.com\/essc-online.de\/v1\/wp-content\/uploads\/2026\/01\/WhatsApp-Image-2026-01-30-at-14.26.48-980x1024.jpeg?strip=info&#038;w=900&#038;ssl=1 900w,https:\/\/i0.wp.com\/essc-online.de\/v1\/wp-content\/uploads\/2026\/01\/WhatsApp-Image-2026-01-30-at-14.26.48-980x1024.jpeg?strip=info&#038;w=1200&#038;ssl=1 1200w,https:\/\/i0.wp.com\/essc-online.de\/v1\/wp-content\/uploads\/2026\/01\/WhatsApp-Image-2026-01-30-at-14.26.48-980x1024.jpeg?strip=info&#038;w=1340&#038;ssl=1 1340w\" alt=\"\" data-height=\"1400\" data-id=\"1647\" data-link=\"https:\/\/essc-online.de\/v1\/synchronschwimmen\/attachment\/whatsapp-image-2026-01-30-at-14-26-48\/\" data-url=\"https:\/\/essc-online.de\/v1\/wp-content\/uploads\/2026\/01\/WhatsApp-Image-2026-01-30-at-14.26.48-980x1024.jpeg\" data-width=\"1340\" src=\"https:\/\/i0.wp.com\/essc-online.de\/v1\/wp-content\/uploads\/2026\/01\/WhatsApp-Image-2026-01-30-at-14.26.48-980x1024.jpeg?ssl=1\" data-amp-layout=\"responsive\"\/><\/figure><\/div><\/div><\/div><\/div><\/div>\n","protected":false},"excerpt":{"rendered":"<p>Synchronschwimmen ist eine kompositorische Sportart und geh\u00f6rt zu den Disziplinen, in denen die Leistung durch die \u00e4sthetisch-k\u00fcnsterlische Ausf\u00fchrung und die Schwierigkeit einer Bewegungsabfolge bewertet wird. Die Sportler*innen m\u00fcssen sehr gut schwimmen und tauchen k\u00f6nnen und sollten \u00fcber Beweglichkeit, Kraft, gute &hellip;<\/p>\n<p class=\"read-more\"> <a class=\"more-link\" href=\"https:\/\/essc-online.de\/v1\/synchronschwimmen\/\"> <span class=\"screen-reader-text\">Synchronschwimmen<\/span> Weiterlesen &raquo;<\/a><\/p>\n","protected":false},"author":1,"featured_media":0,"parent":0,"menu_order":0,"comment_status":"closed","ping_status":"closed","template":"","meta":{"footnotes":""},"class_list":["post-63","page","type-page","status-publish","hentry"],"yoast_head":"<!-- This site is optimized with the Yoast SEO plugin v27.4 - https:\/\/yoast.com\/product\/yoast-seo-wordpress\/ -->\n<title>Synchronschwimmen - Erster Sodener Schwimm-Club 1927 e.V.<\/title>\n<meta name=\"robots\" content=\"index, follow, max-snippet:-1, max-image-preview:large, max-video-preview:-1\" \/>\n<link rel=\"canonical\" href=\"https:\/\/essc-online.de\/v1\/synchronschwimmen\/\" \/>\n<meta property=\"og:locale\" content=\"de_DE\" \/>\n<meta property=\"og:type\" content=\"article\" \/>\n<meta property=\"og:title\" content=\"Synchronschwimmen - Erster Sodener Schwimm-Club 1927 e.V.\" \/>\n<meta property=\"og:description\" content=\"Synchronschwimmen ist eine kompositorische Sportart und geh\u00f6rt zu den Disziplinen, in denen die Leistung durch die \u00e4sthetisch-k\u00fcnsterlische Ausf\u00fchrung und die Schwierigkeit einer Bewegungsabfolge bewertet wird. Die Sportler*innen m\u00fcssen sehr gut schwimmen und tauchen k\u00f6nnen und sollten \u00fcber Beweglichkeit, Kraft, gute &hellip; Synchronschwimmen Weiterlesen &raquo;\" \/>\n<meta property=\"og:url\" content=\"https:\/\/essc-online.de\/v1\/synchronschwimmen\/\" \/>\n<meta property=\"og:site_name\" content=\"Erster Sodener Schwimm-Club 1927 e.V.\" \/>\n<meta property=\"article:modified_time\" content=\"2026-01-30T16:05:56+00:00\" \/>\n<meta property=\"og:image\" content=\"https:\/\/essc-online.de\/v1\/wp-content\/uploads\/2026\/01\/WhatsApp-Image-2026-01-30-at-14.26.42-1024x583.jpeg\" \/>\n<meta name=\"twitter:card\" content=\"summary_large_image\" \/>\n<meta name=\"twitter:label1\" content=\"Gesch\u00e4tzte Lesezeit\" \/>\n\t<meta name=\"twitter:data1\" content=\"1\u00a0Minute\" \/>\n<script type=\"application\/ld+json\" class=\"yoast-schema-graph\">{\"@context\":\"https:\\\/\\\/schema.org\",\"@graph\":[{\"@type\":\"WebPage\",\"@id\":\"https:\\\/\\\/essc-online.de\\\/v1\\\/synchronschwimmen\\\/\",\"url\":\"https:\\\/\\\/essc-online.de\\\/v1\\\/synchronschwimmen\\\/\",\"name\":\"Synchronschwimmen - Erster Sodener Schwimm-Club 1927 e.V.\",\"isPartOf\":{\"@id\":\"https:\\\/\\\/essc-online.de\\\/v1\\\/#website\"},\"primaryImageOfPage\":{\"@id\":\"https:\\\/\\\/essc-online.de\\\/v1\\\/synchronschwimmen\\\/#primaryimage\"},\"image\":{\"@id\":\"https:\\\/\\\/essc-online.de\\\/v1\\\/synchronschwimmen\\\/#primaryimage\"},\"thumbnailUrl\":\"https:\\\/\\\/essc-online.de\\\/v1\\\/wp-content\\\/uploads\\\/2026\\\/01\\\/WhatsApp-Image-2026-01-30-at-14.26.42-1024x583.jpeg\",\"datePublished\":\"2025-11-30T21:44:44+00:00\",\"dateModified\":\"2026-01-30T16:05:56+00:00\",\"breadcrumb\":{\"@id\":\"https:\\\/\\\/essc-online.de\\\/v1\\\/synchronschwimmen\\\/#breadcrumb\"},\"inLanguage\":\"de\",\"potentialAction\":[{\"@type\":\"ReadAction\",\"target\":[\"https:\\\/\\\/essc-online.de\\\/v1\\\/synchronschwimmen\\\/\"]}]},{\"@type\":\"ImageObject\",\"inLanguage\":\"de\",\"@id\":\"https:\\\/\\\/essc-online.de\\\/v1\\\/synchronschwimmen\\\/#primaryimage\",\"url\":\"https:\\\/\\\/essc-online.de\\\/v1\\\/wp-content\\\/uploads\\\/2026\\\/01\\\/WhatsApp-Image-2026-01-30-at-14.26.42-1024x583.jpeg\",\"contentUrl\":\"https:\\\/\\\/essc-online.de\\\/v1\\\/wp-content\\\/uploads\\\/2026\\\/01\\\/WhatsApp-Image-2026-01-30-at-14.26.42-1024x583.jpeg\"},{\"@type\":\"BreadcrumbList\",\"@id\":\"https:\\\/\\\/essc-online.de\\\/v1\\\/synchronschwimmen\\\/#breadcrumb\",\"itemListElement\":[{\"@type\":\"ListItem\",\"position\":1,\"name\":\"Startseite\",\"item\":\"https:\\\/\\\/essc-online.de\\\/v1\\\/\"},{\"@type\":\"ListItem\",\"position\":2,\"name\":\"Synchronschwimmen\"}]},{\"@type\":\"WebSite\",\"@id\":\"https:\\\/\\\/essc-online.de\\\/v1\\\/#website\",\"url\":\"https:\\\/\\\/essc-online.de\\\/v1\\\/\",\"name\":\"Erster Sodener Schwimm-Club 1927 e.V.\",\"description\":\"\",\"publisher\":{\"@id\":\"https:\\\/\\\/essc-online.de\\\/v1\\\/#organization\"},\"potentialAction\":[{\"@type\":\"SearchAction\",\"target\":{\"@type\":\"EntryPoint\",\"urlTemplate\":\"https:\\\/\\\/essc-online.de\\\/v1\\\/?s={search_term_string}\"},\"query-input\":{\"@type\":\"PropertyValueSpecification\",\"valueRequired\":true,\"valueName\":\"search_term_string\"}}],\"inLanguage\":\"de\"},{\"@type\":\"Organization\",\"@id\":\"https:\\\/\\\/essc-online.de\\\/v1\\\/#organization\",\"name\":\"Erster Sodener Schwimm-Club 1927 e.V.\",\"url\":\"https:\\\/\\\/essc-online.de\\\/v1\\\/\",\"logo\":{\"@type\":\"ImageObject\",\"inLanguage\":\"de\",\"@id\":\"https:\\\/\\\/essc-online.de\\\/v1\\\/#\\\/schema\\\/logo\\\/image\\\/\",\"url\":\"https:\\\/\\\/i0.wp.com\\\/essc-online.de\\\/v1\\\/wp-content\\\/uploads\\\/2025\\\/12\\\/Logo_ESSC.png?fit=640%2C193&ssl=1\",\"contentUrl\":\"https:\\\/\\\/i0.wp.com\\\/essc-online.de\\\/v1\\\/wp-content\\\/uploads\\\/2025\\\/12\\\/Logo_ESSC.png?fit=640%2C193&ssl=1\",\"width\":640,\"height\":193,\"caption\":\"Erster Sodener Schwimm-Club 1927 e.V.\"},\"image\":{\"@id\":\"https:\\\/\\\/essc-online.de\\\/v1\\\/#\\\/schema\\\/logo\\\/image\\\/\"}}]}<\/script>\n<!-- \/ Yoast SEO plugin. -->","yoast_head_json":{"title":"Synchronschwimmen - Erster Sodener Schwimm-Club 1927 e.V.","robots":{"index":"index","follow":"follow","max-snippet":"max-snippet:-1","max-image-preview":"max-image-preview:large","max-video-preview":"max-video-preview:-1"},"canonical":"https:\/\/essc-online.de\/v1\/synchronschwimmen\/","og_locale":"de_DE","og_type":"article","og_title":"Synchronschwimmen - Erster Sodener Schwimm-Club 1927 e.V.","og_description":"Synchronschwimmen ist eine kompositorische Sportart und geh\u00f6rt zu den Disziplinen, in denen die Leistung durch die \u00e4sthetisch-k\u00fcnsterlische Ausf\u00fchrung und die Schwierigkeit einer Bewegungsabfolge bewertet wird. Die Sportler*innen m\u00fcssen sehr gut schwimmen und tauchen k\u00f6nnen und sollten \u00fcber Beweglichkeit, Kraft, gute &hellip; Synchronschwimmen Weiterlesen &raquo;","og_url":"https:\/\/essc-online.de\/v1\/synchronschwimmen\/","og_site_name":"Erster Sodener Schwimm-Club 1927 e.V.","article_modified_time":"2026-01-30T16:05:56+00:00","og_image":[{"url":"https:\/\/essc-online.de\/v1\/wp-content\/uploads\/2026\/01\/WhatsApp-Image-2026-01-30-at-14.26.42-1024x583.jpeg","type":"","width":"","height":""}],"twitter_card":"summary_large_image","twitter_misc":{"Gesch\u00e4tzte Lesezeit":"1\u00a0Minute"},"schema":{"@context":"https:\/\/schema.org","@graph":[{"@type":"WebPage","@id":"https:\/\/essc-online.de\/v1\/synchronschwimmen\/","url":"https:\/\/essc-online.de\/v1\/synchronschwimmen\/","name":"Synchronschwimmen - Erster Sodener Schwimm-Club 1927 e.V.","isPartOf":{"@id":"https:\/\/essc-online.de\/v1\/#website"},"primaryImageOfPage":{"@id":"https:\/\/essc-online.de\/v1\/synchronschwimmen\/#primaryimage"},"image":{"@id":"https:\/\/essc-online.de\/v1\/synchronschwimmen\/#primaryimage"},"thumbnailUrl":"https:\/\/essc-online.de\/v1\/wp-content\/uploads\/2026\/01\/WhatsApp-Image-2026-01-30-at-14.26.42-1024x583.jpeg","datePublished":"2025-11-30T21:44:44+00:00","dateModified":"2026-01-30T16:05:56+00:00","breadcrumb":{"@id":"https:\/\/essc-online.de\/v1\/synchronschwimmen\/#breadcrumb"},"inLanguage":"de","potentialAction":[{"@type":"ReadAction","target":["https:\/\/essc-online.de\/v1\/synchronschwimmen\/"]}]},{"@type":"ImageObject","inLanguage":"de","@id":"https:\/\/essc-online.de\/v1\/synchronschwimmen\/#primaryimage","url":"https:\/\/essc-online.de\/v1\/wp-content\/uploads\/2026\/01\/WhatsApp-Image-2026-01-30-at-14.26.42-1024x583.jpeg","contentUrl":"https:\/\/essc-online.de\/v1\/wp-content\/uploads\/2026\/01\/WhatsApp-Image-2026-01-30-at-14.26.42-1024x583.jpeg"},{"@type":"BreadcrumbList","@id":"https:\/\/essc-online.de\/v1\/synchronschwimmen\/#breadcrumb","itemListElement":[{"@type":"ListItem","position":1,"name":"Startseite","item":"https:\/\/essc-online.de\/v1\/"},{"@type":"ListItem","position":2,"name":"Synchronschwimmen"}]},{"@type":"WebSite","@id":"https:\/\/essc-online.de\/v1\/#website","url":"https:\/\/essc-online.de\/v1\/","name":"Erster Sodener Schwimm-Club 1927 e.V.","description":"","publisher":{"@id":"https:\/\/essc-online.de\/v1\/#organization"},"potentialAction":[{"@type":"SearchAction","target":{"@type":"EntryPoint","urlTemplate":"https:\/\/essc-online.de\/v1\/?s={search_term_string}"},"query-input":{"@type":"PropertyValueSpecification","valueRequired":true,"valueName":"search_term_string"}}],"inLanguage":"de"},{"@type":"Organization","@id":"https:\/\/essc-online.de\/v1\/#organization","name":"Erster Sodener Schwimm-Club 1927 e.V.","url":"https:\/\/essc-online.de\/v1\/","logo":{"@type":"ImageObject","inLanguage":"de","@id":"https:\/\/essc-online.de\/v1\/#\/schema\/logo\/image\/","url":"https:\/\/i0.wp.com\/essc-online.de\/v1\/wp-content\/uploads\/2025\/12\/Logo_ESSC.png?fit=640%2C193&ssl=1","contentUrl":"https:\/\/i0.wp.com\/essc-online.de\/v1\/wp-content\/uploads\/2025\/12\/Logo_ESSC.png?fit=640%2C193&ssl=1","width":640,"height":193,"caption":"Erster Sodener Schwimm-Club 1927 e.V."},"image":{"@id":"https:\/\/essc-online.de\/v1\/#\/schema\/logo\/image\/"}}]}},"jetpack_sharing_enabled":true,"_links":{"self":[{"href":"https:\/\/essc-online.de\/v1\/wp-json\/wp\/v2\/pages\/63","targetHints":{"allow":["GET"]}}],"collection":[{"href":"https:\/\/essc-online.de\/v1\/wp-json\/wp\/v2\/pages"}],"about":[{"href":"https:\/\/essc-online.de\/v1\/wp-json\/wp\/v2\/types\/page"}],"author":[{"embeddable":true,"href":"https:\/\/essc-online.de\/v1\/wp-json\/wp\/v2\/users\/1"}],"replies":[{"embeddable":true,"href":"https:\/\/essc-online.de\/v1\/wp-json\/wp\/v2\/comments?post=63"}],"version-history":[{"count":5,"href":"https:\/\/essc-online.de\/v1\/wp-json\/wp\/v2\/pages\/63\/revisions"}],"predecessor-version":[{"id":1649,"href":"https:\/\/essc-online.de\/v1\/wp-json\/wp\/v2\/pages\/63\/revisions\/1649"}],"wp:attachment":[{"href":"https:\/\/essc-online.de\/v1\/wp-json\/wp\/v2\/media?parent=63"}],"curies":[{"name":"wp","href":"https:\/\/api.w.org\/{rel}","templated":true}]}}